prime?
False
Let o(f) = 6136*f**2 + 9*f - 24. Let z = 712 + -710. Is o(z) prime?
False
Let x = 558 + -318. Suppose 4*z - 407 = -k, -2*k - 5*z - 452 = -3*k. Let m = k - x. Is m composite?
True
Let z be (-60)/18*(-9)/(-2)*-6598. Suppose 4*u - z = -2*u. Is u composite?
True
Suppose -775969 = -4*o - 667392 + 2333011. Is o composite?
True
Let y = -1867 + 1575. Suppose -2*x + 2*s = 266, -5*x - 2*s - 629 = 2*s. Let v = x - y. Is v a prime number?
True
Suppose 4*o - 36 = -4*n, -7*o = -4*o - 3*n + 3. Suppose 142344 = o*f + 3*m, -3*f - m + 106763 = -0*m. Is f composite?
True
Let m be 0/(2 - (-5 - (-12)/2)). Suppose m*a - 5*p + 6599 = 3*a, 5*p = 3*a - 6619. Is a prime?
True
Let d(o) = 5*o**3 - 3*o**2 + 30*o + 37. Let g = -140 + 149. Is d(g) a prime number?
True
Let z(k) = k - 12. Let q be z(16). Suppose -a = o - 1952, -5*o - q*a = -6482 - 3275. Is o a composite number?
False
Let u(j) be the third derivative of j**6/120 - j**5/12 + j**4/3 - 2*j**3/3 + 2*j**2. Let x be u(3). Is 81 + (-35)/20 + x/(-8) prime?
True
Let x(l) = l**3 + 9*l**2 + 7*l - 20. Let d be x(-6). Suppose 28*u + 268038 = d*u. Is u composite?
False
Let v = -1433 + 440. Let b = 406 - v. Is b composite?
False
Let x = -917 - -32008. Is x a composite number?
False
Let f be 31/(4/(902 - -2)). Is f/10*110/22 prime?
False
Let k be (80/360)/(-1 - (-20)/18). Is (-88304)/(-144) + k/(-9) a composite number?
False
Let m(c) = 1460*c**2 - c - 3. Let x be m(-3). Let v = x + -4951. Is v a prime number?
False
Let v(g) = -17085*g - 6806. Is v(-15) a prime number?
False
Suppose 357 = 6*x + 1713. Let q = 82 - x. Suppose q = 10*f - 2. Is f composite?
False
Let i = -168025 - -299382. Is i composite?
False
Suppose -64284 = -3*r + 3*s + 127461, 2*s = -4*r + 255648. Is r a composite number?
False
Let l(u) = u**3 + 17*u**2 - 11*u + 21. Let n be l(-13). Suppose -i + 1681 + n = 0. Is i prime?
True
Let s(r) = -10*r**2 + 11*r - 21. Let z(p) = -p. Let q(i) = -s(i) + 3*z(i). Is q(7) prime?
False
Suppose -17 = -3*c - 2. Suppose 0 = -2*y - c - 5, -3*s + 13494 = -3*y. Is s a composite number?
False
Let j(t) = -4798*t + 129. Let y(v) = 1599*v - 43. Let r(f) = 3*j(f) + 8*y(f). Is r(-5) a prime number?
True
Is (28/(-42))/((-4740920)/(-4740936) - 1) prime?
True
Let p = 66 + -98. Let i = 79 + p. Let y = i + -34. Is y a composite number?
False
Is (-6 - 22/(-2)) + 390072 a composite number?
False
Suppose 1633*c - 10236 = 1629*c. Let q = c + 10150. Is q prime?
False
Suppose 17*s + 4164 = 21*s. Let p be (13 - 18)*(-2 - 60). Let d = s - p. Is d composite?
True
Let k be (24 - 18)*2/(-3). Let q = 6 + k. Suppose p - 213 = 2*m, -4*p + m - q*m + 843 = 0. Is p composite?
False
Let k = 26 - 23. Suppose k*t - 3 - 6 = 0. Suppose w - t*u = 2*u + 476, -5*u - 1949 = -4*w. Is w a prime number?
True
Let y = -42 + 45. Suppose -y*i + 2*b + 435 = 6*b, -3*b + 145 = i. Is i a composite number?
True
Suppose 2*r + 19*r - 11697 = 0. Is r a composite number?
False
Let k(j) = -23146*j - 31. Is k(-2) a prime number?
True
Let h = -188 + 218. Is (-2 + (-389)/1)/((-30)/h) composite?
True
Suppose 52*s + 24 = 56*s. Suppose 35242 - 112 = s*k. Is k a composite number?
True
Suppose -83*a = 70*a - 175*a + 417406. Is a a prime number?
True
Let p = -629 - -621. Is (p/8)/(2/(-18934)) prime?
True
Suppose 2*l - 14 = -4. Is (l - (-3957)/4)*4 prime?
False
Let y = -457 + 487. Is (82263/6)/(15/y) prime?
False
Let i(a) = -1357*a**3 - 7*a**2 - a - 16. Let s be i(-3). Let g = -17224 + s. Is g a composite number?
True
Let u be ((-8)/(-24))/(((-10)/24)/(-5)). Suppose 4*r - 2 = -5*v - 30, v - u = 0. Is 332 + -3*(-4)/r composite?
False
Suppose n = 5*n - 0*n. Is (3 + 0 + n)*(2305 + 4) composite?
True
Let j = 575 + 365. Let r = j + 4441. Is r composite?
False
Let k be (-3)/(-2) - (-24)/16. Suppose b - 25 = -4*b, 5*s + k*b - 1550 = 0. Is s prime?
True
Suppose 2*p = 3*q + 459443, 23*q - 22*q + 3 = 0. Is p prime?
True
Suppose 0 = 2*o - 3*z - 3, -z = 2*o + 4*z + 5. Suppose 6*b - 24 = -o. Suppose -b*d + 1797 = -5*u, -u = -2*d + 673 + 230. Is d a prime number?
False
Let p(k) = -43*k**3 + 10*k**2 - 17*k + 4. Let h(g) = 86*g**3 - 19*g**2 + 35*g - 7. Let b(m) = 3*h(m) + 5*p(m). Is b(5) a prime number?
False
Let k = 51 - 26. Suppose 0 = 3*o - k - 11. Suppose 4*u - o*u = -464. Is u a composite number?
True
Suppose 11*r - 15*r = -16. Suppose -r*m - 18348 = -16*m. Is m a composite number?
True
Let g(c) = 50*c**2 + 71*c - 41. Is g(-46) a prime number?
False
Let a = 43 - 41. Suppose -4965 = -13*t - a*t. Is t a prime number?
True
Let f = 1571 - 925. Let a = f - -1773. Is a composite?
True
Let k(l) = l**3 - 10*l**2 - 69*l - 15. Let f be k(19). Suppose 47 = 3*q - 19. Suppose q*o + f = 25*o. Is o a composite number?
False
Suppose -3*l - 81022 = 2*v - 265604, 2*l - 92289 = -v. Is v a composite number?
False
Let s(i) = 4*i - 42 - 3 - 356*i**2 - 17*i + 357*i**2. Let n be s(16). Suppose -5206 = -2*p - n*v, -2*v = -4*p + 9335 + 1109. Is p composite?
False
Suppose -x + 4 = -0*x. Let y(n) = -2*n + 10. Let c be y(x). Suppose 57 = c*a - 221. Is a composite?
False
Let i = -3083 + 4492. Is i a composite number?
False
Let t(v) = 7 + 6 - 9*v - 21 + 52*v**2. Is t(7) composite?
False
Let s(a) = -15*a + 115. Let y be s(6). Suppose -y*i + n = -27*i + 3385, -3*i = 4*n - 5075. Is i prime?
True
Suppose -2*v - 393 = -5*v. Suppose -33261 = 128*m - v*m. Is m a prime number?
True
Suppose 2*v = -5*s - 7, 81 = 3*v - 5*s + 54. Suppose 5*h + 4202 = w, 9*w + v*h - 20865 = 4*w. Is w a prime number?
True
Let d(i) = i**3 - 111*i**2 - 4*i + 444. Let y be d(111). Let k(x) = 0*x + x + 0*x + x**2 + x**3 + 23. Is k(y) a composite number?
False
Let u = -17 - -14. Let o(b) = -29*b**3 - 4*b**2 - 6*b + 3. Let m be o(u). Let a = m - 211. Is a prime?
True
Suppose -x - 7 = -5, -5*o - 2*x + 111 = 0. Suppose 0 = -o*z + 107309 + 68618. Is z composite?
False
Suppose 18*l - 1100220 = -15*l. Suppose l = 25*u - 14185. Is u prime?
True
Suppose 0 = 1803*i - 1798*i + 4*v - 2063426, i - 412694 = -3*v. Is i a prime number?
False
Let m = 18389 + 6071. Suppose z = -4*d - 3*z + m, 3*z + 30607 = 5*d. Is d a prime number?
False
Suppose -5*v - 3*q - q = 78922, 0 = 4*v + 2*q + 63134. Let o = -10936 - v. Is o a prime number?
False
Let x(c) be the third derivative of -69*c**4/8 + 229*c**3/6 - 57*c**2. Is x(-6) composite?
False
Is -2 + (-4527360)/(-28) - (-13)/(182/(-6)) a prime number?
False
Suppose 579454 = -226*k + 1921668. Is k prime?
True
Let j(p) = -p**2 - 147*p + 323. Is j(-94) a prime number?
False
Let o be 2686/4 - 1*1/(-2). Let x = 2149 - o. Is x a composite number?
True
Let c = -2143 + 13077. Let i = -6829 + c. Is i a prime number?
False
Let f(w) = 5*w**3 + 2*w**2 + 7*w + 1. Let p be f(3). Let l = 321 - p. Is l a prime number?
False
Suppose 10*r - 11*r - 597657 = v, 2390625 = -4*v - 5*r. Is v/(-48) + (-2)/8 composite?
False
Suppose -59594462 - 95869010 = -304*m. Is m prime?
False
Let j = -22 + 66. Suppose 0 = -2*h - 278 - j. Let o = h + 1234. Is o a composite number?
True
Let g be ((-2)/8*2)/(3/(-414)). Let c = g - 69. Suppose c = -8*f + 9*f - 919. Is f a prime number?
True
Let x = 61 - 58. Suppose -5*l = -x*y + 37819, -5*y + 63023 = -4*l - 0*l. Is (5/15)/(1/y) prime?
True
Suppose 0*h - k = -4*h + 307, 4*h - 316 = 4*k. Let v = h - 79. Is 9/(-6) - (862/(-4) - v) composite?
False
Let m(k) be the second derivative of 13*k**5/20 - k**4/3 - k**3 + 5*k**2/2 + 52*k + 2. Is m(6) composite?
False
Let a = -560 - -937. Let r(y) = 45*y - 166. Let m be r(0). Let t = a + m. Is t a composite number?
False
Let q(f) = 2*f**3 - 2*f**2 + 2*f. Let n be q(1). Is (n + 0)*2 + 0 - -22555 composite?
True
Suppose -17*p - 7942235 = -105*p + 6648077. Is p composite?
False
Let a(z) = -z**3 - 15*z**2 + 20*z + 66. Let w be a(-16). Suppose -6*j + 7573 = -3*j + 2*n, 5*n = w*j - 5017. Is j a composite number?
False
Let n be (-70)/105*(-1 - 2). Is ((-562)/(-4))/(n/(57 + -5)) a composite number?
True
Let w(h) = -h**3 + h**2 + 31*h + 8. Let f be w(6). Suppose -f*a + 5*a + 24129 = 0. Is a composite?
True
Suppose 5712*g - 5753*g + 5505029 = 0. Is g a prime number?
True
Let i(b) = -2*b**2 - b - 1. Let f(h) = 28*h**2 + 9*h. Let p(x) = f(x) + 4*i(x). Is p(3) composite?
False
Let o(w) be the second derivative of 29*w**4/12 + 2*w**3 + 13*w**2 - 2*w. Let u = -3516 + 3511. Is o(u) composite?
False
